{"id":135,"date":"2016-08-31T19:19:43","date_gmt":"2016-08-31T17:19:43","guid":{"rendered":"http:\/\/www.bewegunger.at\/?page_id=135"},"modified":"2022-05-10T14:02:58","modified_gmt":"2022-05-10T12:02:58","slug":"konzept","status":"publish","type":"page","link":"http:\/\/www.bewegunger.at\/?page_id=135","title":{"rendered":"Philosophie"},"content":{"rendered":"<p style=\"text-align: center;\"><strong>Bewegung als Heilmittel<\/strong><\/p>\n<p style=\"text-align: center;\"><strong>Im Zentrum der Betrachtung steht der ganzheitliche Mensch und seine k\u00f6rperliche, muskul\u00e4re Aktivit\u00e4t sowie deren vielf\u00e4ltige Wirkungsweisen.<br \/>\n<\/strong><\/p>\n<p><strong>Grundgedanke<\/strong>:<\/p>\n<p><strong>Bewegung \u2013 Quintessenz des Lebens<\/strong><\/p>\n<p>von lat. quinta essentia\u201a \u201ef\u00fcnftes Seiendes\u201c.<br \/>\nUrspr\u00fcnglich Ausdruck von Aristoteles f\u00fcr \u201e\u00c4ther\u201c, das f\u00fcnfte Element.<br \/>\nIns heute \u00fcbertragen <strong>\u201edas Wesentliche\u201c<\/strong>,<strong> \u201edas Haupts\u00e4chliche\u201c<\/strong>,<strong> \u201edas Wichtigste\u201c<\/strong>.<\/p>\n<ul>\n<li><strong><em>Bewegung<br \/>\n<\/em><\/strong>als \u201edas Wesentliche\u201c (<strong>Quintessenz<\/strong>) menschlichen Lebens.<\/li>\n<\/ul>\n<p><strong>Grundlagen<\/strong>:<\/p>\n<p>Soll menschliche Bewegung dabei nicht blo\u00dfe Auseinandersetzung mit dem physischen K\u00f6rper im Sinne von sportlichem Training sein, sondern energetische, emotionale, soziale und geistige Aspekte mit einschlie\u00dfen, brauchen wir die f\u00fcnf Elemente. Bei ganzheitlicher, systemischer Betrachtung des Menschen bieten die f\u00fcnf Wandlungsphasen eine F\u00fclle weiterer Bez\u00fcge und Zusammenh\u00e4nge.<\/p>\n<ul>\n<li>Der Begriff der <strong>f\u00fcnf Elemente<\/strong>, vermittelt den Eindruck, es handle sich um statische Einzelteile, die zu einem Ganzen zusammengesetzt werden.\n<ul>\n<li><span style=\"color: #008000;\"><strong>Holz<\/strong><\/span><\/li>\n<li><span style=\"color: #ff0000;\"><strong>Feuer<\/strong><\/span><\/li>\n<li><span style=\"color: #ffcc00;\"><strong>Erde<\/strong><\/span><\/li>\n<li><span style=\"color: #999999;\"><strong>Metall<\/strong><\/span><\/li>\n<li><span style=\"color: #0000ff;\"><span style=\"color: #0000ff;\"><strong>Wasser <\/strong><\/span><\/span><\/li>\n<\/ul>\n<\/li>\n<li>Die <strong>f\u00fcnf Wandlungsphasen<\/strong> jedoch bedeuten, dass die Elemente in lebendiger Beziehung, in einem flie\u00dfenden Gleichgewicht zueinander stehen und sich gegenseitig erzeugen und beeinflussen.\n<p><a href=\"http:\/\/www.bewegunger.at\/wp-content\/uploads\/2022\/05\/5-Elemente-orginal.gif\" data-wplink-edit=\"true\"><img loading=\"lazy\" decoding=\"async\" class=\"alignnone wp-image-334\" src=\"http:\/\/www.bewegunger.at\/wp-content\/uploads\/2022\/05\/5-Elemente-orginal-300x294.gif\" alt=\"\" width=\"555\" height=\"544\" srcset=\"http:\/\/www.bewegunger.at\/wp-content\/uploads\/2022\/05\/5-Elemente-orginal-300x294.gif 300w, http:\/\/www.bewegunger.at\/wp-content\/uploads\/2022\/05\/5-Elemente-orginal-768x752.gif 768w, http:\/\/www.bewegunger.at\/wp-content\/uploads\/2022\/05\/5-Elemente-orginal-307x300.gif 307w\" sizes=\"auto, (max-width: 555px) 100vw, 555px\" \/><\/a><br \/>\nGrafik von <a href=\"https:\/\/www.dackau.de\/kunst.html\">Michael Dackau<\/a><\/li>\n<\/ul>\n<p>Erg\u00e4nzend zu diesem ganzheitlich-dynamischen Herangehen an die vielf\u00e4lltigen Wirkunsweisen menschlicher Bewegung (jahrtausende altes, \u00fcberliefertes Erfahrungswissen), welches in der traditionellen westlichen Betrachungsweise in Vergessenheit geriet, dienen naturwissenschaftliche Erkenntnisse aus Sport und Medizin der weiteren Strukturierung, Individualisierung, Verfeinerung und Pr\u00e4zisierung von Bewegungsanwendungen im Entwicklungs- und Heilungsprozess.<strong><em><br \/>\n<\/em><\/strong><\/p>\n<ul>\n<li><strong>Training<\/strong> steht dabei f\u00fcr einen geplanten, systematischen und zielgerichteten Prozess zur Regulierung des Flie\u00dfgleichgewichts der Elemente und darauf aufbauend zur Verbesserung von Koordination, Kraft, Ausdauer, Beweglichkeit und Schnelligkeit.<\/li>\n<li><strong>Therapie<\/strong> kommt bei eingeschr\u00e4nkter oder verlorener Hom\u00f6ostase zur Anwendung. Hom\u00f6ostasis i<span class=\"_Tgc\">st ein Spezialfall der Selbstregulation von Systemen und <\/span><span class=\"_Tgc\">bezeichnet die Aufrechterhaltung des Gleichgewichtszustands eines offenen dynamischen Systems durch einen internen regelnden Prozess.<\/span><strong><em><br \/>\n<\/em><\/strong><\/li>\n<\/ul>\n<p><a href=\"http:\/\/www.bewegunger.at\/?page_id=135\">Zur\u00fcck zum Seitenanfang<\/a><\/p>\n","protected":false},"excerpt":{"rendered":"<p>Bewegung als Heilmittel Im Zentrum der Betrachtung steht der ganzheitliche Mensch und seine k\u00f6rperliche, muskul\u00e4re Aktivit\u00e4t sowie deren vielf\u00e4ltige Wirkungsweisen. Grundgedanke: Bewegung \u2013 Quintessenz des Lebens von lat. quinta essentia\u201a \u201ef\u00fcnftes Seiendes\u201c. Urspr\u00fcnglich Ausdruck von Aristoteles f\u00fcr \u201e\u00c4ther\u201c, das f\u00fcnfte &hellip; <a href=\"http:\/\/www.bewegunger.at\/?page_id=135\">Weiterlesen <span class=\"meta-nav\">&rarr;<\/span><\/a><\/p>\n","protected":false},"author":1,"featured_media":0,"parent":0,"menu_order":0,"comment_status":"closed","ping_status":"closed","template":"","meta":{"footnotes":""},"class_list":["post-135","page","type-page","status-publish","hentry"],"_links":{"self":[{"href":"http:\/\/www.bewegunger.at\/index.php?rest_route=\/wp\/v2\/pages\/135","targetHints":{"allow":["GET"]}}],"collection":[{"href":"http:\/\/www.bewegunger.at\/index.php?rest_route=\/wp\/v2\/pages"}],"about":[{"href":"http:\/\/www.bewegunger.at\/index.php?rest_route=\/wp\/v2\/types\/page"}],"author":[{"embeddable":true,"href":"http:\/\/www.bewegunger.at\/index.php?rest_route=\/wp\/v2\/users\/1"}],"replies":[{"embeddable":true,"href":"http:\/\/www.bewegunger.at\/index.php?rest_route=%2Fwp%2Fv2%2Fcomments&post=135"}],"version-history":[{"count":66,"href":"http:\/\/www.bewegunger.at\/index.php?rest_route=\/wp\/v2\/pages\/135\/revisions"}],"predecessor-version":[{"id":340,"href":"http:\/\/www.bewegunger.at\/index.php?rest_route=\/wp\/v2\/pages\/135\/revisions\/340"}],"wp:attachment":[{"href":"http:\/\/www.bewegunger.at\/index.php?rest_route=%2Fwp%2Fv2%2Fmedia&parent=135"}],"curies":[{"name":"wp","href":"https:\/\/api.w.org\/{rel}","templated":true}]}}